{"id":718,"date":"2021-08-30T08:31:06","date_gmt":"2021-08-30T08:31:06","guid":{"rendered":"http:\/\/s880809430.onlinehome.us\/?page_id=718"},"modified":"2021-08-30T08:31:06","modified_gmt":"2021-08-30T08:31:06","slug":"togo","status":"publish","type":"page","link":"http:\/\/cide.ca\/es\/togo\/","title":{"rendered":"IR"},"content":{"rendered":"<p><strong>Educaci\u00f3n T\u00e9cnica y Formaci\u00f3n Profesional<\/strong><\/p>\n<p>El proyecto se centr\u00f3 en la formaci\u00f3n de t\u00e9cnicos del CRETFP en gesti\u00f3n y mantenimiento, la formaci\u00f3n de formadores en el desarrollo y evaluaci\u00f3n de programas de educaci\u00f3n t\u00e9cnica por competencias. Ministerio de Formaci\u00f3n Profesional, Educaci\u00f3n T\u00e9cnica y Artesan\u00eda.<\/p>\n<p><strong>Programa de Fortalecimiento Institucional en Materia Tecnol\u00f3gica en \u00c1frica Franc\u00f3fona (16 pa\u00edses)<\/strong><\/p>\n<p>El programa PRIMTAF II pretend\u00eda responder a dos prioridades del programa canadiense de asistencia para el desarrollo: la buena gobernanza y el desarrollo del sector privado. Su objetivo era apoyar una gesti\u00f3n m\u00e1s rigurosa de las instituciones p\u00fablicas de formaci\u00f3n\nEl programa PRIMTAF II pretend\u00eda responder a dos prioridades del programa canadiense de asistencia para el desarrollo: la buena gobernanza y el desarrollo del sector privado. Su objetivo era apoyar una gesti\u00f3n m\u00e1s rigurosa de las instituciones p\u00fablicas de formaci\u00f3n profesional y t\u00e9cnica, as\u00ed como el desarrollo de habilidades para atender mejor las necesidades de cualificaci\u00f3n de los pa\u00edses apuntados. En este contexto, el CIDE recibi\u00f3 el mandato de administrar el programa, monitorearlo y actuar como asesor t\u00e9cnico de las instituciones canadienses y africanas movilizadas para la implementaci\u00f3n de los proyectos.<\/p>\n<p><strong>en togo<\/strong>\u00a0Proyecto para establecer programas de formaci\u00f3n<\/p>","protected":false},"excerpt":{"rendered":"<p>Enseignement technique et formation professionnelle Le projet portait sur la formation des techniciens des CRETFP \u00e0 la m\u00e9thodologie de gestion de la maintenance, la formation des formateurs sur l&rsquo;\u00e9laboration et l&rsquo;\u00e9valuation de programmes d&rsquo;enseignement technique par comp\u00e9tences. Minist\u00e8re de la formation professionnelle, de l&rsquo;enseignement technique&#8230;<\/p>","protected":false},"author":1,"featured_media":0,"parent":0,"menu_order":0,"comment_status":"closed","ping_status":"closed","template":"","meta":{"footnotes":""},"class_list":["post-718","page","type-page","status-publish","hentry"],"_links":{"self":[{"href":"http:\/\/cide.ca\/es\/wp-json\/wp\/v2\/pages\/718","targetHints":{"allow":["GET"]}}],"collection":[{"href":"http:\/\/cide.ca\/es\/wp-json\/wp\/v2\/pages"}],"about":[{"href":"http:\/\/cide.ca\/es\/wp-json\/wp\/v2\/types\/page"}],"author":[{"embeddable":true,"href":"http:\/\/cide.ca\/es\/wp-json\/wp\/v2\/users\/1"}],"replies":[{"embeddable":true,"href":"http:\/\/cide.ca\/es\/wp-json\/wp\/v2\/comments?post=718"}],"version-history":[{"count":1,"href":"http:\/\/cide.ca\/es\/wp-json\/wp\/v2\/pages\/718\/revisions"}],"predecessor-version":[{"id":719,"href":"http:\/\/cide.ca\/es\/wp-json\/wp\/v2\/pages\/718\/revisions\/719"}],"wp:attachment":[{"href":"http:\/\/cide.ca\/es\/wp-json\/wp\/v2\/media?parent=718"}],"curies":[{"name":"gracias","href":"https:\/\/api.w.org\/{rel}","templated":true}]}}

<p><strong>Educación Técnica y Formación Profesional</strong></p>
<p>El proyecto se centró en la formación de técnicos del CRETFP en gestión y mantenimiento, la formación de formadores en el desarrollo y evaluación de programas de educación técnica por competencias. Ministerio de Formación Profesional, Educación Técnica y Artesanía.</p>
<p><strong>Programa de Fortalecimiento Institucional en Materia Tecnológica en África Francófona (16 países)</strong></p>
<p>El programa PRIMTAF II pretendía responder a dos prioridades del programa canadiense de asistencia para el desarrollo: la buena gobernanza y el desarrollo del sector privado. Su objetivo era apoyar una gestión más rigurosa de las instituciones públicas de formación
El programa PRIMTAF II pretendía responder a dos prioridades del programa canadiense de asistencia para el desarrollo: la buena gobernanza y el desarrollo del sector privado. Su objetivo era apoyar una gestión más rigurosa de las instituciones públicas de formación profesional y técnica, así como el desarrollo de habilidades para atender mejor las necesidades de cualificación de los países apuntados. En este contexto, el CIDE recibió el mandato de administrar el programa, monitorearlo y actuar como asesor técnico de las instituciones canadienses y africanas movilizadas para la implementación de los proyectos.</p>
<p><strong>en togo</strong> Proyecto para establecer programas de formación</p>

<p>Enseignement technique et formation professionnelle Le projet portait sur la formation des techniciens des CRETFP à la méthodologie de gestion de la maintenance, la formation des formateurs sur l&rsquo;élaboration et l&rsquo;évaluation de programmes d&rsquo;enseignement technique par compétences. Ministère de la formation professionnelle, de l&rsquo;enseignement technique&#8230;</p>
