{"id":716,"date":"2021-08-30T08:30:07","date_gmt":"2021-08-30T08:30:07","guid":{"rendered":"http:\/\/s880809430.onlinehome.us\/?page_id=716"},"modified":"2021-08-30T08:30:07","modified_gmt":"2021-08-30T08:30:07","slug":"benin","status":"publish","type":"page","link":"http:\/\/cide.ca\/es\/benin\/","title":{"rendered":"BENIGNO"},"content":{"rendered":"<p><strong>Formaci\u00f3n profesional<\/strong><\/p>\n<p>El proyecto consisti\u00f3 en realizar una evaluaci\u00f3n cualitativa y cuantitativa de la situaci\u00f3n del mercado laboral en Ben\u00edn. El resultado fue un informe del mercado laboral y la identificaci\u00f3n de las necesidades de formaci\u00f3n de mano de obra calificada.<\/p>\n<p><strong>Proyecto de educaci\u00f3n t\u00e9cnica y profesional \/ asistencia t\u00e9cnica y formaci\u00f3n de formadores<\/strong><\/p>\n<p>En el contexto de este proyecto, el CIDE recibi\u00f3 el mandato de: 1) capacitar a los docentes en formaci\u00f3n en los siguientes programas de ense\u00f1anza: fabricaci\u00f3n mec\u00e1nica, mec\u00e1nica automotriz, electricidad de edificios, refrigeraci\u00f3n y aire acondicionado, alba\u00f1iler\u00eda\/edificaci\u00f3n y topograf\u00eda; 2) brindar asistencia t\u00e9cnica a los maestros y asistentes de maestros tecn\u00f3logos; 3) capacitar al personal administrativo y de mantenimiento del Centro y al personal administrativo de la unidad ejecutora del proyecto.<\/p>","protected":false},"excerpt":{"rendered":"<p>Formaci\u00f3n profesional El proyecto consisti\u00f3 en realizar una evaluaci\u00f3n cualitativa y cuantitativa de la situaci\u00f3n del mercado laboral en Benin. El resultado fue un informe del mercado laboral y la identificaci\u00f3n de necesidades de capacitaci\u00f3n de mano de obra calificada. Proyecto de educaci\u00f3n t\u00e9cnica...<\/p>","protected":false},"author":1,"featured_media":0,"parent":0,"menu_order":0,"comment_status":"closed","ping_status":"closed","template":"","meta":{"footnotes":""},"class_list":["post-716","page","type-page","status-publish","hentry"],"_links":{"self":[{"href":"http:\/\/cide.ca\/es\/wp-json\/wp\/v2\/pages\/716","targetHints":{"allow":["GET"]}}],"collection":[{"href":"http:\/\/cide.ca\/es\/wp-json\/wp\/v2\/pages"}],"about":[{"href":"http:\/\/cide.ca\/es\/wp-json\/wp\/v2\/types\/page"}],"author":[{"embeddable":true,"href":"http:\/\/cide.ca\/es\/wp-json\/wp\/v2\/users\/1"}],"replies":[{"embeddable":true,"href":"http:\/\/cide.ca\/es\/wp-json\/wp\/v2\/comments?post=716"}],"version-history":[{"count":1,"href":"http:\/\/cide.ca\/es\/wp-json\/wp\/v2\/pages\/716\/revisions"}],"predecessor-version":[{"id":717,"href":"http:\/\/cide.ca\/es\/wp-json\/wp\/v2\/pages\/716\/revisions\/717"}],"wp:attachment":[{"href":"http:\/\/cide.ca\/es\/wp-json\/wp\/v2\/media?parent=716"}],"curies":[{"name":"gracias","href":"https:\/\/api.w.org\/{rel}","templated":true}]}}

<p><strong>Formación profesional</strong></p>
<p>El proyecto consistió en realizar una evaluación cualitativa y cuantitativa de la situación del mercado laboral en Benín. El resultado fue un informe del mercado laboral y la identificación de las necesidades de formación de mano de obra calificada.</p>
<p><strong>Proyecto de educación técnica y profesional / asistencia técnica y formación de formadores</strong></p>
<p>En el contexto de este proyecto, el CIDE recibió el mandato de: 1) capacitar a los docentes en formación en los siguientes programas de enseñanza: fabricación mecánica, mecánica automotriz, electricidad de edificios, refrigeración y aire acondicionado, albañilería/edificación y topografía; 2) brindar asistencia técnica a los maestros y asistentes de maestros tecnólogos; 3) capacitar al personal administrativo y de mantenimiento del Centro y al personal administrativo de la unidad ejecutora del proyecto.</p>

<p>Formación profesional El proyecto consistió en realizar una evaluación cualitativa y cuantitativa de la situación del mercado laboral en Benin. El resultado fue un informe del mercado laboral y la identificación de necesidades de capacitación de mano de obra calificada. Proyecto de educación técnica...</p>
