{"id":664,"date":"2021-08-25T09:06:37","date_gmt":"2021-08-25T09:06:37","guid":{"rendered":"http:\/\/s880809430.onlinehome.us\/?page_id=664"},"modified":"2021-08-25T09:06:37","modified_gmt":"2021-08-25T09:06:37","slug":"irak","status":"publish","type":"page","link":"http:\/\/cide.ca\/es\/irak\/","title":{"rendered":"IRAK"},"content":{"rendered":"<p><strong>Implementaci\u00f3n de un estudio sectorial del mercado laboral en Irak y Kurdist\u00e1n<\/strong><\/p>\n<p>El proyecto contaba con una serie de intervenciones interrelacionadas, incluido desarrollar un\nmodelo de gobernanza descentralizado y un marco nacional de cualificaciones para el sector de la EFTP; desarrollar un nuevo marco curricular, as\u00ed como programas basados \u200b\u200ben la demanda en ciertas disciplinas; brindar capacitaci\u00f3n a docentes, capacitadores y personal administrativo de EFTP; crear marcos de colaboraci\u00f3n estandarizados con los empleadores y facilitar la transici\u00f3n de la escuela al trabajo para los graduados de la EFTP. El objetivo de este componente era proporcionar a los principales actores de la EFTP la informaci\u00f3n necesaria para minimizar el desajuste entre las demandas del mercado laboral y la oferta de formaci\u00f3n.<\/p>","protected":false},"excerpt":{"rendered":"<p>Implementaci\u00f3n de un estudio sectorial del mercado laboral en Irak y Kurdist\u00e1n El proyecto incluye una serie de intervenciones interrelacionadas, incluido el desarrollo de un modelo de gobernanza descentralizada y un marco nacional de calificaciones para el sector de la EFTP; el desarrollo de un\u2026<\/p>","protected":false},"author":1,"featured_media":0,"parent":0,"menu_order":0,"comment_status":"closed","ping_status":"closed","template":"","meta":{"footnotes":""},"class_list":["post-664","page","type-page","status-publish","hentry"],"_links":{"self":[{"href":"http:\/\/cide.ca\/es\/wp-json\/wp\/v2\/pages\/664","targetHints":{"allow":["GET"]}}],"collection":[{"href":"http:\/\/cide.ca\/es\/wp-json\/wp\/v2\/pages"}],"about":[{"href":"http:\/\/cide.ca\/es\/wp-json\/wp\/v2\/types\/page"}],"author":[{"embeddable":true,"href":"http:\/\/cide.ca\/es\/wp-json\/wp\/v2\/users\/1"}],"replies":[{"embeddable":true,"href":"http:\/\/cide.ca\/es\/wp-json\/wp\/v2\/comments?post=664"}],"version-history":[{"count":1,"href":"http:\/\/cide.ca\/es\/wp-json\/wp\/v2\/pages\/664\/revisions"}],"predecessor-version":[{"id":672,"href":"http:\/\/cide.ca\/es\/wp-json\/wp\/v2\/pages\/664\/revisions\/672"}],"wp:attachment":[{"href":"http:\/\/cide.ca\/es\/wp-json\/wp\/v2\/media?parent=664"}],"curies":[{"name":"gracias","href":"https:\/\/api.w.org\/{rel}","templated":true}]}}

<p><strong>Implementación de un estudio sectorial del mercado laboral en Irak y Kurdistán</strong></p>
<p>El proyecto contaba con una serie de intervenciones interrelacionadas, incluido desarrollar un
modelo de gobernanza descentralizado y un marco nacional de cualificaciones para el sector de la EFTP; desarrollar un nuevo marco curricular, así como programas basados ​​en la demanda en ciertas disciplinas; brindar capacitación a docentes, capacitadores y personal administrativo de EFTP; crear marcos de colaboración estandarizados con los empleadores y facilitar la transición de la escuela al trabajo para los graduados de la EFTP. El objetivo de este componente era proporcionar a los principales actores de la EFTP la información necesaria para minimizar el desajuste entre las demandas del mercado laboral y la oferta de formación.</p>

<p>Implementación de un estudio sectorial del mercado laboral en Irak y Kurdistán El proyecto incluye una serie de intervenciones interrelacionadas, incluido el desarrollo de un modelo de gobernanza descentralizada y un marco nacional de calificaciones para el sector de la EFTP; el desarrollo de un…</p>
