{"id":660,"date":"2021-08-25T09:03:05","date_gmt":"2021-08-25T09:03:05","guid":{"rendered":"http:\/\/s880809430.onlinehome.us\/?page_id=660"},"modified":"2021-08-25T09:03:05","modified_gmt":"2021-08-25T09:03:05","slug":"vietnam","status":"publish","type":"page","link":"http:\/\/cide.ca\/es\/vietnam\/","title":{"rendered":"VIETNAM"},"content":{"rendered":"<p><strong>Evaluaci\u00f3n externa del programa de apoyo a las pol\u00edticas sectoriales de formaci\u00f3n profesional y t\u00e9cnica<\/strong><\/p>\n<p>El proyecto tuvo como objetivo evaluar la oferta de formaci\u00f3n profesional a trav\u00e9s del programa OIF en nueve pa\u00edses africanos, tres pa\u00edses asi\u00e1ticos y un pa\u00eds del Caribe brindando asistencia t\u00e9cnica en el desarrollo de pol\u00edticas de formaci\u00f3n t\u00e9cnica y profesional, en el desarrollo de contenidos de formaci\u00f3n de acuerdo con el enfoque basado en competencias (EPC), y mediante la adopci\u00f3n de las herramientas del enfoque programa.<\/p>\n<p><strong>Capacitaci\u00f3n-Formaci\u00f3n de Directivos en Sistemas de Formaci\u00f3n de Docentes de Postgrado Secundaria y Acreditaci\u00f3n Docente<\/strong><\/p>\n<p>El proyecto pretend\u00eda mejorar la calidad, la eficiencia, el acceso y la equidad de la educaci\u00f3n, as\u00ed como aumentar la capacidad de gesti\u00f3n. Estos objetivos se lograron mediante el desarrollo de capacidades de los organismos de apoyo a nivel nacional y centr\u00e1ndose en las \u00e1reas m\u00e1s desfavorecidas a nivel regional. El CIDE recibi\u00f3 as\u00ed el mandato de organizar un programa de formaci\u00f3n en Canad\u00e1 para 24 funcionarios de educaci\u00f3n vietnamitas.<\/p>\n<p>&nbsp;<\/p>","protected":false},"excerpt":{"rendered":"<p>\u00c9valuation externe du programme d&#039;appui aux politiques sectorielles de formation professionnelle et technique Le projet visait \u00e0 \u00e9valuer l&#039;offre de formation professionnelle \u00e0 travers le programme de l&#039;OIF dans neuf pays africains, trois pays asiatiques et un pays des Cara\u00efbes en apportant une asistencia t\u00e9cnica\u2026<\/p>","protected":false},"author":1,"featured_media":0,"parent":0,"menu_order":0,"comment_status":"closed","ping_status":"closed","template":"","meta":{"footnotes":""},"class_list":["post-660","page","type-page","status-publish","hentry"],"_links":{"self":[{"href":"http:\/\/cide.ca\/es\/wp-json\/wp\/v2\/pages\/660","targetHints":{"allow":["GET"]}}],"collection":[{"href":"http:\/\/cide.ca\/es\/wp-json\/wp\/v2\/pages"}],"about":[{"href":"http:\/\/cide.ca\/es\/wp-json\/wp\/v2\/types\/page"}],"author":[{"embeddable":true,"href":"http:\/\/cide.ca\/es\/wp-json\/wp\/v2\/users\/1"}],"replies":[{"embeddable":true,"href":"http:\/\/cide.ca\/es\/wp-json\/wp\/v2\/comments?post=660"}],"version-history":[{"count":1,"href":"http:\/\/cide.ca\/es\/wp-json\/wp\/v2\/pages\/660\/revisions"}],"predecessor-version":[{"id":668,"href":"http:\/\/cide.ca\/es\/wp-json\/wp\/v2\/pages\/660\/revisions\/668"}],"wp:attachment":[{"href":"http:\/\/cide.ca\/es\/wp-json\/wp\/v2\/media?parent=660"}],"curies":[{"name":"gracias","href":"https:\/\/api.w.org\/{rel}","templated":true}]}}

<p><strong>Evaluación externa del programa de apoyo a las políticas sectoriales de formación profesional y técnica</strong></p>
<p>El proyecto tuvo como objetivo evaluar la oferta de formación profesional a través del programa OIF en nueve países africanos, tres países asiáticos y un país del Caribe brindando asistencia técnica en el desarrollo de políticas de formación técnica y profesional, en el desarrollo de contenidos de formación de acuerdo con el enfoque basado en competencias (EPC), y mediante la adopción de las herramientas del enfoque programa.</p>
<p><strong>Capacitación-Formación de Directivos en Sistemas de Formación de Docentes de Postgrado Secundaria y Acreditación Docente</strong></p>
<p>El proyecto pretendía mejorar la calidad, la eficiencia, el acceso y la equidad de la educación, así como aumentar la capacidad de gestión. Estos objetivos se lograron mediante el desarrollo de capacidades de los organismos de apoyo a nivel nacional y centrándose en las áreas más desfavorecidas a nivel regional. El CIDE recibió así el mandato de organizar un programa de formación en Canadá para 24 funcionarios de educación vietnamitas.</p>
<p>&nbsp;</p>

<p>Évaluation externe du programme d&#039;appui aux politiques sectorielles de formation professionnelle et technique Le projet visait à évaluer l&#039;offre de formation professionnelle à travers le programme de l&#039;OIF dans neuf pays africains, trois pays asiatiques et un pays des Caraïbes en apportant une asistencia técnica…</p>
